= 70 - 35. Let q = -3 + c. What is the tens digit of q?
3
Let v = 18 - 19. Let g be v/((-5)/650*2). Suppose 135 = 5*a - g. What is the units digit of a?
0
Let l be 6/12 + (-15)/(-6). Suppose g + 3*t + 0*t - 64 = 0, l*g - t = 182. What is the units digit of g?
1
Let q(s) = -s**3 + 2*s**2 + s + 1. Let z be q(3). Let t(j) be the first derivative of -j**2/2 + 12*j + 8. What is the units digit of t(z)?
7
Let o(y) = 263*y - 241. What is the units digit of o(3)?
8
Suppose -4*l = j - 301, -304 = -4*l - 0*l - 4*j. What is the units digit of l?
5
Suppose 3*f = 5*c - 3607, -c = f + 1457 - 252. Let a = 248 + -283. What is the units digit of f/a - (-4)/(-10)?
4
Let a be (1 + 1 + -11)/(33/(-22)). What is the units digit of 80/(((-2)/a)/(35/(-42)))?
0
Suppose -3*g + 142 = -1364. What is the units digit of g?
2
Let b = 523 - 315. What is the units digit of b?
8
Let g = -1782 + 5790. What is the thousands digit of g?
4
Let r(s) = -2 + 0*s + 3*s + 5*s - 2*s. What is the tens digit of r(10)?
5
Let s = -322 - -500. Let x = s - -37. What is the tens digit of x?
1
Suppose 4*c - 380 = -5*p, 3*p + 42*c - 226 = 40*c. What is the tens digit of p?
7
Let o(y) = 243*y**2 + y. Let c be o(1). What is the tens digit of (-9)/(-45) - c/(-5)?
4
Suppose 4*j + 11 = 35. Let o(y) = y**3 - 6*y**2 - 3. Let u be o(j). What is the units digit of (-24)/u + (3 - 5)?
6
Suppose 8*a + 11 = 9*a. Suppose 13*f = a*f + 372. What is the hundreds digit of f?
1
Let a = -118 + 440. What is the hundreds digit of a?
3
Let l(h) be the third derivative of h**5/20 - h**4/4 + h**3 - 2*h**2 - 28*h. What is the tens digit of l(-5)?
1
Let m = -3 + 0. Let q(h) = 2*h**2 + h - 1. Let g(o) = 9*o**2 + 5*o - 4. Let t(w) = -2*g(w) + 11*q(w). What is the units digit of t(m)?
0
Suppose 0*f - 4*z = 3*f - 136, -4*f + 200 = -4*z. Suppose -f = 2*c - 4*m, 2*c - 5*c + 5*m - 69 = 0. What is the units digit of c*(-4)/8 + 2?
1
What is the units digit of -4 + (-13)/26 + 215/2?
3
Let p = 106 + -116. Let z = -123 - -85. Let i = p - z. What is the tens digit of i?
2
Let z(d) be the third derivative of -d**6/120 - d**5/10 + d**4/4 + 2*d**3/3 + 4*d**2. Let l be z(-7). Let m = l - -4. What is the tens digit of m?
1
Suppose 3*m - 30 = -3*m. Suppose 6*q + a - 128 = 3*q, -m*a + 148 = 3*q. What is the tens digit of q?
4
Let n(r) = -8 - 16*r - 7*r - 50*r + 11*r. What is the hundreds digit of n(-2)?
1
Let z(w) be the first derivative of 7*w**2/2 - 8*w + 1. Let p be (3 - (0 + -2 + 5)) + 4. What is the tens digit of z(p)?
2
Let n(y) = -9*y**3 - 4*y**2 - y + 2. Let j(b) = 9*b**3 + 5*b**2 + b - 2. Let o(r) = -2*j(r) - 3*n(r). Let q be o(2). What is the units digit of (6/5)/(24/q)?
4
Suppose -7*g = 5*d - 3*g - 2150, 3*g + 1751 = 4*d. Suppose 11*a - d = 6*a - 3*i, -4*i - 272 = -3*a. What is the tens digit of a?
8
Let y(r) be the second derivative of 67*r**5/20 + r**4/12 - r**2/2 - 7*r. Let f be y(1). Suppose -4*k + f + 29 = 0. What is the units digit of k?
4
Let n be (6/(-2))/(3/2). What is the units digit of (n/3)/(2/(-108))?
6
Let s be (-2)/1*162/(-12). Suppose 7 = d + b, 0*d - 5*b = 4*d - s. What is the units digit of 2/(-8) + 58/d?
7
Let n = -91 - -230. What is the tens digit of n?
3
Suppose 2852 = 6*b - 3886. What is the units digit of b?
3
Suppose 241*d - 5755 = 236*d. What is the units digit of d?
1
Suppose 0 = k + 4*a - 2*a - 17, 4*k - a - 77 = 0. Suppose 5*d = 37 + 188. Suppose 16*m = k*m - d. What is the tens digit of m?
1
Let i(x) = 8*x**2 + x - 2. Let h be i(-2). Let v = -24 + h. What is the units digit of v?
4
Let a = 26 - 25. What is the tens digit of 315/14*(1 + a)?
4
Suppose 4*k - 17 = q, 1 = 5*k + 2*q - 4. Let f(j) = 3*j**3 - 2*j + 9. Let h(u) = -2*u**3 + u - 5. Let m(c) = k*f(c) + 5*h(c). What is the units digit of m(-2)?
2
Suppose -4*z - 20 = -4. Let m be z - (-2 - 0) - -6. Suppose 4*i - 74 = m*j - 6, 4*j = 8. What is the units digit of i?
9
Let c = -55 + 55. Suppose c = 5*y + 5*v - 75, -4*v + 22 = -0*y + 2*y. What is the units digit of y?
9
Suppose -26*u + 31*u = 80. Suppose 4*i - 672 = -0*i. Suppose -i = -u*a + 13*a. What is the tens digit of a?
5
Let x(t) = t**3 - 7*t**2 - 23*t + 6. Let f be x(9). Let q = f - -248. What is the units digit of q?
9
Let d = -1033 + 5050. What is the thousands digit of d?
4
Let g = 8 + -10. Let i be (-25 - -10)*g/(-6). What is the tens digit of (2 - i)/(3/27)?
6
Let f = 8928 + -5207. What is the units digit of f?
1
Suppose 5*w - 5 = 3*i, -3*i = -5*w + 2*i + 15. Let b be w/14 + (-410)/70. What is the units digit of 16/b*-3 - 3?
5
Let f be 222 - (0/(-6))/((-2)/(-1)). Suppose 2*s = -24 + f. What is the tens digit of s?
9
Let h = -4 + 5. Let n(s) be the third derivative of 3*s**4/8 + s**3/6 - 7*s**2. What is the tens digit of n(h)?
1
Suppose -2*f + 81 = 369. What is the tens digit of (f/40)/((-2)/10)?
1
Suppose 2*z = z + 12. What is the units digit of 1*45 + -15 + z?
2
Suppose q + 4*k + 5 = 0, 0 = -q - 2*q + 5*k + 19. Let r(u) = 6*u**2 + 2*u - 1. What is the units digit of r(q)?
9
Suppose 0*n + n = 85. Suppose q - n = -4. Let d = q - 54. What is the tens digit of d?
2
Let o(r) = 3*r - 27. Let d = 9 - -1. Let w be o(d). Suppose w*n - 6 = 2*c, -4*c = c - 15. What is the units digit of n?
4
Suppose 132 = 4*b - 7*b. Let q = 70 + b. Suppose -5*j - q + 166 = 0. What is the tens digit of j?
2
Let q = 7 - 4. Suppose -q*u - 100 = u. Let h = u - -49. What is the tens digit of h?
2
Let v = -60 + 60. Suppose l = 5*s - 229, -2*s - s + 4*l + 134 = v. What is the tens digit of s?
4
Let r = 5264 + -3414. What is the thousands digit of r?
1
Let h(r) = 14*r + 11. Let a(c) = 35 + 6 - 3 + 57*c + 7. Let k(y) = 2*a(y) - 9*h(y). What is the tens digit of k(-4)?
3
Suppose -73*n + 182 = -71*n. Let j = -40 - 16. Let o = j + n. What is the units digit of o?
5
Let v be (-40 + 5)*((-12)/15 + 0). Suppose 188 = 6*n - v. What is the units digit of n?
6
Let s = 105 + -94. What is the units digit of s?
1
What is the hundreds digit of (808/12)/(248/(-84) - -3)?
4
Suppose 4*r - 272 = -4*v, 34 - 303 = -4*r - 3*v. What is the units digit of r?
5
What is the units digit of 531 - 2*35/10?
4
Let u(z) = 14*z**2. Let f be u(-1). Let a be (-11)/(-3) + f/(-21). Suppose -a*s - 5*l = -72, 4*s - 4*l - 86 = -22. What is the units digit of s?
9
Let b = 121 - -283. What is the tens digit of b?
0
Suppose 5425 = 18*f - 5393. What is the units digit of f?
1
Let m = 38 - 23. Suppose 2*k + 14 = j, -5*k - 36 = -3*j + 6. Let x = m - j. What is the units digit of x?
1
Suppose 5*x - 13 = 2*w - 5*w, -5*x + 3*w = -7. Suppose 5*j - 4*d - 177 = 0, x*j = -2*d + 29 + 31. What is the units digit of j?
3
Let m(c) = c**2 + 6*c. Let l be m(-6). Suppose l = -5*v + v + 172. What is the units digit of v?
3
What is the hundreds digit of ((-69)/(-21) - 3) + (-10720)/(-14)?
7
Suppose 12 = 2*b + 4. Suppose 0*r = -3*r - 2*x + 5, -2*x = b. Suppose -r = -2*c + 9. What is the units digit of c?
6
Let k be -6*(-4)/4 - -1. Suppose k*x = 2*x + 3*o + 366, 5*x + 2*o = 381. What is the units digit of x?
5
Suppose -46*f = -16639 - 66437. What is the units digit of f?
6
Suppose -2*g + 3*n = -4*g, 0 = 2*g - 5*n. Suppose 2 = 2*m, g = 4*j + m - 8 - 81. Let u = j - 9. What is the units digit of u?
3
Let r = -123 - -203. Let j be (-2)/3 - r/(-12). Suppose j*h = 2*h + 20. What is the units digit of h?
5
Let d(v) = 3*v**3 + 30*v**2 + 5*v - 2. What is the hundreds digit of d(-9)?
1
Suppose 3*s = -2*m + 502, -3*s - 3*m + 503 = -2*m. Suppose -3*i + 762 = s. What is the units digit of i?
8
Suppose -14 = 14*t - 16*t. Suppose t*k - 715 = 2*k - 2*w, 3*k = -5*w + 429. Suppose 0 = -5*d + 5*x + 135, -2*d + k = 3*d - x. What is the units digit of d?
9
Let p = 38 - 24. What is the units digit of (156/p)/(11/77)?
8
Suppose -4*p + 3 = 4*q - 13, 2*p = -5*q + 2. What is the units digit of p?
6
Let u(i) = -5 + 7*i - 6 - 2*i + 9*i. Let v(q) = 7*q - 5. Let k(h) = 4*u(h) - 9*v(h). What is the units digit of k(-5)?
6
Suppose 2*o = -324 + 1262. What is the hundreds digit of o?
4
Let o(w) = -w**3 + 4*w**2 + 2*w. Let q be o(-3). What is the units digit of (20/30)/(2/q)?
9
Suppose -1157*d - 16744 = -1161*d. What is the thousands digit of d?
4
Let m(o) = -o**3 + 20*o**2 - 27*o + 14. What is the units digit of m(11)?
6
Let y(b) = 3*b**2 - 10*b + 8. Suppose -4*n + 34 = 3*g, 5*n + 0*n = 2*g + 8. What is the tens di